{"id":768,"date":"2021-09-10T00:02:45","date_gmt":"2021-09-09T21:02:45","guid":{"rendered":"https:\/\/admerenerji.com\/?page_id=768"},"modified":"2021-09-10T16:58:57","modified_gmt":"2021-09-10T13:58:57","slug":"makina-gruplari","status":"publish","type":"page","link":"https:\/\/admerenerji.com\/?page_id=768","title":{"rendered":"Makina Gruplar\u0131"},"content":{"rendered":"\t\t<div data-elementor-type=\"wp-page\" data-elementor-id=\"768\" class=\"elementor elementor-768\" data-elementor-settings=\"[]\">\n\t\t\t\t\t\t\t<div class=\"elementor-section-wrap\">\n\t\t\t\t\t\t\t<section class=\"elementor-section elementor-top-section elementor-element elementor-element-4bb43a8b elementor-section-boxed elementor-section-height-default elementor-section-height-default\" data-id=\"4bb43a8b\" data-element_type=\"section\">\n\t\t\t\t\t\t<div class=\"elementor-container elementor-column-gap-default\">\n\t\t\t\t\t<div class=\"elementor-column elementor-col-100 elementor-top-column elementor-element elementor-element-39615f6a\" data-id=\"39615f6a\" data-element_type=\"column\">\n\t\t\t<div class=\"elementor-widget-wrap elementor-element-populated\">\n\t\t\t\t\t\t\t\t<div class=\"elementor-element elementor-element-5ab389bc elementor-widget elementor-widget-heading\" data-id=\"5ab389bc\" data-element_type=\"widget\" data-widget_type=\"heading.default\">\n\t\t\t\t<div class=\"elementor-widget-container\">\n\t\t\t<h2 class=\"elementor-heading-title elementor-size-default\">MAK\u0130NE GRUPLARI<\/h2>\t\t<\/div>\n\t\t\t\t<\/div>\n\t\t\t\t\t<\/div>\n\t\t<\/div>\n\t\t\t\t\t\t\t<\/div>\n\t\t<\/section>\n\t\t\t\t<section class=\"elementor-section elementor-top-section elementor-element elementor-element-44c475b3 elementor-section-boxed elementor-section-height-default elementor-section-height-default\" data-id=\"44c475b3\" data-element_type=\"section\">\n\t\t\t\t\t\t<div class=\"elementor-container elementor-column-gap-default\">\n\t\t\t\t\t<div class=\"elementor-column elementor-col-50 elementor-top-column elementor-element elementor-element-1ce1f148\" data-id=\"1ce1f148\" data-element_type=\"column\">\n\t\t\t<div class=\"elementor-widget-wrap elementor-element-populated\">\n\t\t\t\t\t\t\t\t<div class=\"elementor-element elementor-element-5933c711 elementor-widget elementor-widget-text-editor\" data-id=\"5933c711\" data-element_type=\"widget\" data-widget_type=\"text-editor.default\">\n\t\t\t\t<div class=\"elementor-widget-container\">\n\t\t\t\t\t\t\t<ul><li>Otomatik Cam Y\u00fckleme<\/li><li>Backsheet Kesme Makinesi<\/li><li>Otomatik Lehimleme Makinesi<\/li><li>\u00c7er\u00e7eve Makinesi<\/li><li>Iv Test<\/li><li>Laminasyon<\/li><li>Lazer Kesme Makinesi<\/li><li>Str\u0131nger Layup Makinesi<\/li><li>Stringer<\/li><li>Kenar Kesme Makinesi<\/li><li>G\u00f6rsel Kontrol Ve Elektrol\u00fcminans Test<\/li><li>Anahtar Teslim<\/li><\/ul>\t\t\t\t\t\t<\/div>\n\t\t\t\t<\/div>\n\t\t\t\t\t<\/div>\n\t\t<\/div>\n\t\t\t\t<div class=\"elementor-column elementor-col-50 elementor-top-column elementor-element elementor-element-696debaf\" data-id=\"696debaf\" data-element_type=\"column\">\n\t\t\t<div class=\"elementor-widget-wrap elementor-element-populated\">\n\t\t\t\t\t\t\t\t<div class=\"elementor-element elementor-element-6c1d6e19 elementor-widget elementor-widget-image-gallery\" data-id=\"6c1d6e19\" data-element_type=\"widget\" data-widget_type=\"image-gallery.default\">\n\t\t\t\t<div class=\"elementor-widget-container\">\n\t\t\t\t\t<div class=\"elementor-image-gallery\">\n\t\t\t<div id='gallery-1' class='gallery galleryid-768 gallery-columns-4 gallery-size-thumbnail'><figure class='gallery-item'>\n\t\t\t<div class='gallery-icon landscape'>\n\t\t\t\t<a data-elementor-open-lightbox=\"yes\" data-elementor-lightbox-slideshow=\"6c1d6e19\" data-elementor-lightbox-title=\"auto-glass-loader-cam-yukleme-\" href='https:\/\/admerenerji.com\/wp-content\/uploads\/2021\/09\/auto-glass-loader-cam-yukleme-1-1.png'><img loading=\"lazy\" decoding=\"async\" width=\"150\" height=\"150\" src=\"https:\/\/admerenerji.com\/wp-content\/uploads\/2021\/09\/auto-glass-loader-cam-yukleme-1-1-150x150.png\" class=\"attachment-thumbnail size-thumbnail\" alt=\"\" aria-describedby=\"gallery-1-771\" \/><\/a>\n\t\t\t<\/div>\n\t\t\t\t<figcaption class='wp-caption-text gallery-caption' id='gallery-1-771'>\n\t\t\t\tAutomatic Glass Loading\n\t\t\t\t<\/figcaption><\/figure><figure class='gallery-item'>\n\t\t\t<div class='gallery-icon landscape'>\n\t\t\t\t<a data-elementor-open-lightbox=\"yes\" data-elementor-lightbox-slideshow=\"6c1d6e19\" data-elementor-lightbox-title=\"backsheet-cutting-machine-backsheet-kesme-\" href='https:\/\/admerenerji.com\/wp-content\/uploads\/2021\/09\/backsheet-cutting-machine-backsheet-kesme-1-1.png'><img loading=\"lazy\" decoding=\"async\" width=\"150\" height=\"150\" src=\"https:\/\/admerenerji.com\/wp-content\/uploads\/2021\/09\/backsheet-cutting-machine-backsheet-kesme-1-1-150x150.png\" class=\"attachment-thumbnail size-thumbnail\" alt=\"\" aria-describedby=\"gallery-1-772\" \/><\/a>\n\t\t\t<\/div>\n\t\t\t\t<figcaption class='wp-caption-text gallery-caption' id='gallery-1-772'>\n\t\t\t\tBacksheet Cutting Machine\n\t\t\t\t<\/figcaption><\/figure><figure class='gallery-item'>\n\t\t\t<div class='gallery-icon landscape'>\n\t\t\t\t<a data-elementor-open-lightbox=\"yes\" data-elementor-lightbox-slideshow=\"6c1d6e19\" data-elementor-lightbox-title=\"busbar-welding-machine-lehimleme-makinasi-\" href='https:\/\/admerenerji.com\/wp-content\/uploads\/2021\/09\/busbar-welding-machine-lehimleme-makinasi-1-1.png'><img loading=\"lazy\" decoding=\"async\" width=\"150\" height=\"150\" src=\"https:\/\/admerenerji.com\/wp-content\/uploads\/2021\/09\/busbar-welding-machine-lehimleme-makinasi-1-1-150x150.png\" class=\"attachment-thumbnail size-thumbnail\" alt=\"\" aria-describedby=\"gallery-1-773\" \/><\/a>\n\t\t\t<\/div>\n\t\t\t\t<figcaption class='wp-caption-text gallery-caption' id='gallery-1-773'>\n\t\t\t\tAutomatic Soldering Machine\n\t\t\t\t<\/figcaption><\/figure><figure class='gallery-item'>\n\t\t\t<div class='gallery-icon landscape'>\n\t\t\t\t<a data-elementor-open-lightbox=\"yes\" data-elementor-lightbox-slideshow=\"6c1d6e19\" data-elementor-lightbox-title=\"framing-machine-cerceve-makinasi-\" href='https:\/\/admerenerji.com\/wp-content\/uploads\/2021\/09\/framing-machine-cerceve-makinasi-1-1.png'><img loading=\"lazy\" decoding=\"async\" width=\"150\" height=\"150\" src=\"https:\/\/admerenerji.com\/wp-content\/uploads\/2021\/09\/framing-machine-cerceve-makinasi-1-1-150x150.png\" class=\"attachment-thumbnail size-thumbnail\" alt=\"\" aria-describedby=\"gallery-1-774\" \/><\/a>\n\t\t\t<\/div>\n\t\t\t\t<figcaption class='wp-caption-text gallery-caption' id='gallery-1-774'>\n\t\t\t\tFrame Machine\n\t\t\t\t<\/figcaption><\/figure><figure class='gallery-item'>\n\t\t\t<div class='gallery-icon landscape'>\n\t\t\t\t<a data-elementor-open-lightbox=\"yes\" data-elementor-lightbox-slideshow=\"6c1d6e19\" data-elementor-lightbox-title=\"iv-tester\" href='https:\/\/admerenerji.com\/wp-content\/uploads\/2021\/09\/iv-tester-1.png'><img loading=\"lazy\" decoding=\"async\" width=\"150\" height=\"150\" src=\"https:\/\/admerenerji.com\/wp-content\/uploads\/2021\/09\/iv-tester-1-150x150.png\" class=\"attachment-thumbnail size-thumbnail\" alt=\"\" aria-describedby=\"gallery-1-775\" \/><\/a>\n\t\t\t<\/div>\n\t\t\t\t<figcaption class='wp-caption-text gallery-caption' id='gallery-1-775'>\n\t\t\t\tIV Testing\n\t\t\t\t<\/figcaption><\/figure><figure class='gallery-item'>\n\t\t\t<div class='gallery-icon landscape'>\n\t\t\t\t<a data-elementor-open-lightbox=\"yes\" data-elementor-lightbox-slideshow=\"6c1d6e19\" data-elementor-lightbox-title=\"laminator-laminasyon-\" href='https:\/\/admerenerji.com\/wp-content\/uploads\/2021\/09\/laminator-laminasyon-1-1.png'><img loading=\"lazy\" decoding=\"async\" width=\"150\" height=\"150\" src=\"https:\/\/admerenerji.com\/wp-content\/uploads\/2021\/09\/laminator-laminasyon-1-1-150x150.png\" class=\"attachment-thumbnail size-thumbnail\" alt=\"\" aria-describedby=\"gallery-1-776\" \/><\/a>\n\t\t\t<\/div>\n\t\t\t\t<figcaption class='wp-caption-text gallery-caption' id='gallery-1-776'>\n\t\t\t\tLamination\n\t\t\t\t<\/figcaption><\/figure><figure class='gallery-item'>\n\t\t\t<div class='gallery-icon landscape'>\n\t\t\t\t<a data-elementor-open-lightbox=\"yes\" data-elementor-lightbox-slideshow=\"6c1d6e19\" data-elementor-lightbox-title=\"laser-cutting-machine-lazer-kesme-\" href='https:\/\/admerenerji.com\/wp-content\/uploads\/2021\/09\/laser-cutting-machine-lazer-kesme-1-1.png'><img loading=\"lazy\" decoding=\"async\" width=\"150\" height=\"150\" src=\"https:\/\/admerenerji.com\/wp-content\/uploads\/2021\/09\/laser-cutting-machine-lazer-kesme-1-1-150x150.png\" class=\"attachment-thumbnail size-thumbnail\" alt=\"\" aria-describedby=\"gallery-1-777\" \/><\/a>\n\t\t\t<\/div>\n\t\t\t\t<figcaption class='wp-caption-text gallery-caption' id='gallery-1-777'>\n\t\t\t\tLaser Cutting Machine\n\t\t\t\t<\/figcaption><\/figure><figure class='gallery-item'>\n\t\t\t<div class='gallery-icon landscape'>\n\t\t\t\t<a data-elementor-open-lightbox=\"yes\" data-elementor-lightbox-slideshow=\"6c1d6e19\" data-elementor-lightbox-title=\"stringer-layup-machine\" href='https:\/\/admerenerji.com\/wp-content\/uploads\/2021\/09\/stringer-layup-machine-1.png'><img loading=\"lazy\" decoding=\"async\" width=\"150\" height=\"150\" src=\"https:\/\/admerenerji.com\/wp-content\/uploads\/2021\/09\/stringer-layup-machine-1-150x150.png\" class=\"attachment-thumbnail size-thumbnail\" alt=\"\" aria-describedby=\"gallery-1-781\" \/><\/a>\n\t\t\t<\/div>\n\t\t\t\t<figcaption class='wp-caption-text gallery-caption' id='gallery-1-781'>\n\t\t\t\tStringer Layup Machine\n\t\t\t\t<\/figcaption><\/figure><figure class='gallery-item'>\n\t\t\t<div class='gallery-icon landscape'>\n\t\t\t\t<a data-elementor-open-lightbox=\"yes\" data-elementor-lightbox-slideshow=\"6c1d6e19\" data-elementor-lightbox-title=\"stringer\" href='https:\/\/admerenerji.com\/wp-content\/uploads\/2021\/09\/stringer-1.png'><img loading=\"lazy\" decoding=\"async\" width=\"150\" height=\"150\" src=\"https:\/\/admerenerji.com\/wp-content\/uploads\/2021\/09\/stringer-1-150x150.png\" class=\"attachment-thumbnail size-thumbnail\" alt=\"\" aria-describedby=\"gallery-1-778\" \/><\/a>\n\t\t\t<\/div>\n\t\t\t\t<figcaption class='wp-caption-text gallery-caption' id='gallery-1-778'>\n\t\t\t\tStringer\n\t\t\t\t<\/figcaption><\/figure><figure class='gallery-item'>\n\t\t\t<div class='gallery-icon landscape'>\n\t\t\t\t<a data-elementor-open-lightbox=\"yes\" data-elementor-lightbox-slideshow=\"6c1d6e19\" data-elementor-lightbox-title=\"trimming-machinecerceve-makinasi-\" href='https:\/\/admerenerji.com\/wp-content\/uploads\/2021\/09\/trimming-machinecerceve-makinasi-1-1.png'><img loading=\"lazy\" decoding=\"async\" width=\"150\" height=\"150\" src=\"https:\/\/admerenerji.com\/wp-content\/uploads\/2021\/09\/trimming-machinecerceve-makinasi-1-1-150x150.png\" class=\"attachment-thumbnail size-thumbnail\" alt=\"\" aria-describedby=\"gallery-1-779\" \/><\/a>\n\t\t\t<\/div>\n\t\t\t\t<figcaption class='wp-caption-text gallery-caption' id='gallery-1-779'>\n\t\t\t\tEdge Cutting Machine\n\t\t\t\t<\/figcaption><\/figure><figure class='gallery-item'>\n\t\t\t<div class='gallery-icon landscape'>\n\t\t\t\t<a data-elementor-open-lightbox=\"yes\" data-elementor-lightbox-slideshow=\"6c1d6e19\" data-elementor-lightbox-title=\"visual-inspection-testergorsel-kontrol\" href='https:\/\/admerenerji.com\/wp-content\/uploads\/2021\/09\/visual-inspection-testergorsel-kontrol-1.png'><img loading=\"lazy\" decoding=\"async\" width=\"150\" height=\"150\" src=\"https:\/\/admerenerji.com\/wp-content\/uploads\/2021\/09\/visual-inspection-testergorsel-kontrol-1-150x150.png\" class=\"attachment-thumbnail size-thumbnail\" alt=\"\" aria-describedby=\"gallery-1-780\" \/><\/a>\n\t\t\t<\/div>\n\t\t\t\t<figcaption class='wp-caption-text gallery-caption' id='gallery-1-780'>\n\t\t\t\tVisual Inspection And Electroluminance Testing\n\t\t\t\t<\/figcaption><\/figure>\n\t\t<\/div>\n\t\t<\/div>\n\t\t\t\t<\/div>\n\t\t\t\t<\/div>\n\t\t\t\t\t<\/div>\n\t\t<\/div>\n\t\t\t\t\t\t\t<\/div>\n\t\t<\/section>\n\t\t\t\t<section class=\"elementor-section elementor-top-section elementor-element elementor-element-1cc3a020 elementor-section-boxed elementor-section-height-default elementor-section-height-default\" data-id=\"1cc3a020\" data-element_type=\"section\">\n\t\t\t\t\t\t<div class=\"elementor-container elementor-column-gap-default\">\n\t\t\t\t\t<div class=\"elementor-column elementor-col-100 elementor-top-column elementor-element elementor-element-18bd92f8\" data-id=\"18bd92f8\" data-element_type=\"column\">\n\t\t\t<div class=\"elementor-widget-wrap\">\n\t\t\t\t\t\t\t\t\t<\/div>\n\t\t<\/div>\n\t\t\t\t\t\t\t<\/div>\n\t\t<\/section>\n\t\t\t\t\t\t<\/div>\n\t\t\t\t\t<\/div>\n\t\t","protected":false},"excerpt":{"rendered":"<p>MAK\u0130NE GRUPLARI Otomatik Cam Y\u00fckleme Backsheet Kesme Makinesi Otomatik Lehimleme Makinesi \u00c7er\u00e7eve Makinesi Iv Test Laminasyon Lazer Kesme Makinesi Str\u0131nger Layup Makinesi Stringer Kenar Kesme Makinesi G\u00f6rsel Kontrol Ve Elektrol\u00fcminans Test Anahtar Teslim Otomatik Cam Y\u00fckleme Backsheet Kesme Makinesi Otomatik Lehimleme Makinesi \u00c7er\u00e7eve Makinesi IV Test Laminasyon Lazer Kesme Makinesi Str\u0131nger Layup Makinesi Stringer Kenar [&hellip;]<\/p>\n","protected":false},"author":1,"featured_media":0,"parent":0,"menu_order":0,"comment_status":"closed","ping_status":"closed","template":"elementor_header_footer","meta":{"footnotes":""},"class_list":["post-768","page","type-page","status-publish","hentry"],"_links":{"self":[{"href":"https:\/\/admerenerji.com\/index.php?rest_route=\/wp\/v2\/pages\/768","targetHints":{"allow":["GET"]}}],"collection":[{"href":"https:\/\/admerenerji.com\/index.php?rest_route=\/wp\/v2\/pages"}],"about":[{"href":"https:\/\/admerenerji.com\/index.php?rest_route=\/wp\/v2\/types\/page"}],"author":[{"embeddable":true,"href":"https:\/\/admerenerji.com\/index.php?rest_route=\/wp\/v2\/users\/1"}],"replies":[{"embeddable":true,"href":"https:\/\/admerenerji.com\/index.php?rest_route=%2Fwp%2Fv2%2Fcomments&post=768"}],"version-history":[{"count":10,"href":"https:\/\/admerenerji.com\/index.php?rest_route=\/wp\/v2\/pages\/768\/revisions"}],"predecessor-version":[{"id":900,"href":"https:\/\/admerenerji.com\/index.php?rest_route=\/wp\/v2\/pages\/768\/revisions\/900"}],"wp:attachment":[{"href":"https:\/\/admerenerji.com\/index.php?rest_route=%2Fwp%2Fv2%2Fmedia&parent=768"}],"curies":[{"name":"wp","href":"https:\/\/api.w.org\/{rel}","templated":true}]}}